{"id":74,"date":"2022-12-13T15:27:09","date_gmt":"2022-12-13T14:27:09","guid":{"rendered":"https:\/\/hsv.lausitz-event.info\/?page_id=74"},"modified":"2024-03-14T00:24:22","modified_gmt":"2024-03-13T23:24:22","slug":"sponsoren","status":"publish","type":"page","link":"https:\/\/www.hsv-senftenberg.de\/?page_id=74","title":{"rendered":"Sponsoren"},"content":{"rendered":"\n<p>Auf dieser Seite sind die Sponsoren des HSV aufgelistet, ohne deren Unterst\u00fctzung ein geregelter Trainings- und Spielbetrieb nicht gew\u00e4hrleistet werden k\u00f6nnte.<\/p>\n\n\n\n<p>Der HSV Senftenberg bedankt sich recht herzlich bei folgenden Firmen, Institutionen und Geldgebern:<\/p>\n\n\n\n<figure class=\"wp-block-image size-full is-resized\"><img loading=\"lazy\" decoding=\"async\" width=\"280\" height=\"188\" src=\"https:\/\/www.hsv-senftenberg.de\/wp-content\/uploads\/2023\/11\/Logo_Hummel.png\" alt=\"\" class=\"wp-image-270\" style=\"width:636px;height:auto\"\/><\/figure>\n\n\n\n<figure class=\"wp-block-image size-full\"><img loading=\"lazy\" decoding=\"async\" width=\"635\" height=\"348\" src=\"https:\/\/www.hsv-senftenberg.de\/wp-content\/uploads\/2024\/03\/Bild1-1.jpg\" alt=\"\" class=\"wp-image-371\" srcset=\"https:\/\/www.hsv-senftenberg.de\/wp-content\/uploads\/2024\/03\/Bild1-1.jpg 635w, https:\/\/www.hsv-senftenberg.de\/wp-content\/uploads\/2024\/03\/Bild1-1-300x164.jpg 300w\" sizes=\"auto, (max-width: 635px) 100vw, 635px\" \/><\/figure>\n\n\n\n<figure class=\"wp-block-image size-large\"><img loading=\"lazy\" decoding=\"async\" width=\"1024\" height=\"215\" src=\"https:\/\/www.hsv-senftenberg.de\/wp-content\/uploads\/2024\/03\/Bild6-1024x215.jpg\" alt=\"\" class=\"wp-image-375\" srcset=\"https:\/\/www.hsv-senftenberg.de\/wp-content\/uploads\/2024\/03\/Bild6-1024x215.jpg 1024w, https:\/\/www.hsv-senftenberg.de\/wp-content\/uploads\/2024\/03\/Bild6-300x63.jpg 300w, https:\/\/www.hsv-senftenberg.de\/wp-content\/uploads\/2024\/03\/Bild6-768x161.jpg 768w, https:\/\/www.hsv-senftenberg.de\/wp-content\/uploads\/2024\/03\/Bild6.jpg 1309w\" sizes=\"auto, (max-width: 1024px) 100vw, 1024px\" \/><\/figure>\n\n\n\n<figure class=\"wp-block-image size-large\"><img loading=\"lazy\" decoding=\"async\" width=\"1024\" height=\"129\" src=\"https:\/\/www.hsv-senftenberg.de\/wp-content\/uploads\/2024\/03\/Bild7-1024x129.jpg\" alt=\"\" class=\"wp-image-376\" srcset=\"https:\/\/www.hsv-senftenberg.de\/wp-content\/uploads\/2024\/03\/Bild7-1024x129.jpg 1024w, https:\/\/www.hsv-senftenberg.de\/wp-content\/uploads\/2024\/03\/Bild7-300x38.jpg 300w, https:\/\/www.hsv-senftenberg.de\/wp-content\/uploads\/2024\/03\/Bild7-768x97.jpg 768w, https:\/\/www.hsv-senftenberg.de\/wp-content\/uploads\/2024\/03\/Bild7.jpg 1309w\" sizes=\"auto, (max-width: 1024px) 100vw, 1024px\" \/><\/figure>\n\n\n\n<figure class=\"wp-block-image size-large\"><img loading=\"lazy\" decoding=\"async\" width=\"1024\" height=\"240\" src=\"https:\/\/www.hsv-senftenberg.de\/wp-content\/uploads\/2024\/03\/Bild12-1024x240.jpg\" alt=\"\" class=\"wp-image-381\" srcset=\"https:\/\/www.hsv-senftenberg.de\/wp-content\/uploads\/2024\/03\/Bild12-1024x240.jpg 1024w, https:\/\/www.hsv-senftenberg.de\/wp-content\/uploads\/2024\/03\/Bild12-300x70.jpg 300w, https:\/\/www.hsv-senftenberg.de\/wp-content\/uploads\/2024\/03\/Bild12-768x180.jpg 768w, https:\/\/www.hsv-senftenberg.de\/wp-content\/uploads\/2024\/03\/Bild12.jpg 1203w\" sizes=\"auto, (max-width: 1024px) 100vw, 1024px\" \/><\/figure>\n\n\n\n<figure class=\"wp-block-image size-full is-resized\"><img loading=\"lazy\" decoding=\"async\" width=\"500\" height=\"321\" src=\"https:\/\/www.hsv-senftenberg.de\/wp-content\/uploads\/2024\/03\/Logo-Einsiedler-Brauhaus-blauer-Hintergrund.jpg\" alt=\"\" class=\"wp-image-407\" style=\"width:706px;height:auto\" srcset=\"https:\/\/www.hsv-senftenberg.de\/wp-content\/uploads\/2024\/03\/Logo-Einsiedler-Brauhaus-blauer-Hintergrund.jpg 500w, https:\/\/www.hsv-senftenberg.de\/wp-content\/uploads\/2024\/03\/Logo-Einsiedler-Brauhaus-blauer-Hintergrund-300x193.jpg 300w\" sizes=\"auto, (max-width: 500px) 100vw, 500px\" \/><\/figure>\n\n\n\n<figure class=\"wp-block-image size-full is-resized\"><img loading=\"lazy\" decoding=\"async\" width=\"635\" height=\"362\" src=\"https:\/\/www.hsv-senftenberg.de\/wp-content\/uploads\/2024\/03\/Bild3-1.jpg\" alt=\"\" class=\"wp-image-372\" style=\"width:709px;height:auto\" srcset=\"https:\/\/www.hsv-senftenberg.de\/wp-content\/uploads\/2024\/03\/Bild3-1.jpg 635w, https:\/\/www.hsv-senftenberg.de\/wp-content\/uploads\/2024\/03\/Bild3-1-300x171.jpg 300w\" sizes=\"auto, (max-width: 635px) 100vw, 635px\" \/><\/figure>\n\n\n\n<figure class=\"wp-block-image size-full\"><img loading=\"lazy\" decoding=\"async\" width=\"706\" height=\"469\" src=\"https:\/\/www.hsv-senftenberg.de\/wp-content\/uploads\/2024\/03\/Bild9.jpg\" alt=\"\" class=\"wp-image-378\" srcset=\"https:\/\/www.hsv-senftenberg.de\/wp-content\/uploads\/2024\/03\/Bild9.jpg 706w, https:\/\/www.hsv-senftenberg.de\/wp-content\/uploads\/2024\/03\/Bild9-300x199.jpg 300w\" sizes=\"auto, (max-width: 706px) 100vw, 706px\" \/><\/figure>\n\n\n\n<figure class=\"wp-block-image size-full is-resized\"><img loading=\"lazy\" decoding=\"async\" width=\"428\" height=\"83\" src=\"https:\/\/www.hsv-senftenberg.de\/wp-content\/uploads\/2024\/03\/Bild5.jpg\" alt=\"\" class=\"wp-image-374\" style=\"width:706px;height:auto\" srcset=\"https:\/\/www.hsv-senftenberg.de\/wp-content\/uploads\/2024\/03\/Bild5.jpg 428w, https:\/\/www.hsv-senftenberg.de\/wp-content\/uploads\/2024\/03\/Bild5-300x58.jpg 300w\" sizes=\"auto, (max-width: 428px) 100vw, 428px\" \/><\/figure>\n\n\n\n<figure class=\"wp-block-image size-full\"><img loading=\"lazy\" decoding=\"async\" width=\"706\" height=\"334\" src=\"https:\/\/www.hsv-senftenberg.de\/wp-content\/uploads\/2024\/03\/Bild15.jpg\" alt=\"\" class=\"wp-image-384\" srcset=\"https:\/\/www.hsv-senftenberg.de\/wp-content\/uploads\/2024\/03\/Bild15.jpg 706w, https:\/\/www.hsv-senftenberg.de\/wp-content\/uploads\/2024\/03\/Bild15-300x142.jpg 300w\" sizes=\"auto, (max-width: 706px) 100vw, 706px\" \/><\/figure>\n\n\n\n<figure class=\"wp-block-image size-full is-resized\"><img loading=\"lazy\" decoding=\"async\" width=\"400\" height=\"226\" src=\"https:\/\/www.hsv-senftenberg.de\/wp-content\/uploads\/2024\/03\/Bild14.jpg\" alt=\"\" class=\"wp-image-383\" style=\"width:701px;height:auto\" srcset=\"https:\/\/www.hsv-senftenberg.de\/wp-content\/uploads\/2024\/03\/Bild14.jpg 400w, https:\/\/www.hsv-senftenberg.de\/wp-content\/uploads\/2024\/03\/Bild14-300x170.jpg 300w\" sizes=\"auto, (max-width: 400px) 100vw, 400px\" \/><\/figure>\n\n\n\n<figure class=\"wp-block-image size-full is-resized\"><img loading=\"lazy\" decoding=\"async\" width=\"446\" height=\"91\" src=\"https:\/\/www.hsv-senftenberg.de\/wp-content\/uploads\/2024\/03\/Bild13.jpg\" alt=\"\" class=\"wp-image-382\" style=\"width:704px;height:auto\" srcset=\"https:\/\/www.hsv-senftenberg.de\/wp-content\/uploads\/2024\/03\/Bild13.jpg 446w, https:\/\/www.hsv-senftenberg.de\/wp-content\/uploads\/2024\/03\/Bild13-300x61.jpg 300w\" sizes=\"auto, (max-width: 446px) 100vw, 446px\" \/><\/figure>\n\n\n\n<figure class=\"wp-block-image size-large is-resized\"><img loading=\"lazy\" decoding=\"async\" width=\"1024\" height=\"170\" src=\"https:\/\/www.hsv-senftenberg.de\/wp-content\/uploads\/2024\/03\/logo-1024x170.png\" alt=\"\" class=\"wp-image-406\" style=\"width:706px;height:auto\" srcset=\"https:\/\/www.hsv-senftenberg.de\/wp-content\/uploads\/2024\/03\/logo-1024x170.png 1024w, https:\/\/www.hsv-senftenberg.de\/wp-content\/uploads\/2024\/03\/logo-300x50.png 300w, https:\/\/www.hsv-senftenberg.de\/wp-content\/uploads\/2024\/03\/logo-768x127.png 768w, https:\/\/www.hsv-senftenberg.de\/wp-content\/uploads\/2024\/03\/logo-1536x255.png 1536w, https:\/\/www.hsv-senftenberg.de\/wp-content\/uploads\/2024\/03\/logo.png 1549w\" sizes=\"auto, (max-width: 1024px) 100vw, 1024px\" \/><\/figure>\n\n\n\n<figure class=\"wp-block-image size-full is-resized\"><img loading=\"lazy\" decoding=\"async\" width=\"208\" height=\"120\" src=\"https:\/\/www.hsv-senftenberg.de\/wp-content\/uploads\/2024\/03\/Bild10.jpg\" alt=\"\" class=\"wp-image-379\" style=\"width:457px;height:auto\"\/><\/figure>\n\n\n\n<figure class=\"wp-block-image size-full is-resized\"><img loading=\"lazy\" decoding=\"async\" width=\"464\" height=\"577\" src=\"https:\/\/www.hsv-senftenberg.de\/wp-content\/uploads\/2024\/03\/Bild11.jpg\" alt=\"\" class=\"wp-image-380\" style=\"width:456px;height:auto\" srcset=\"https:\/\/www.hsv-senftenberg.de\/wp-content\/uploads\/2024\/03\/Bild11.jpg 464w, https:\/\/www.hsv-senftenberg.de\/wp-content\/uploads\/2024\/03\/Bild11-241x300.jpg 241w\" sizes=\"auto, (max-width: 464px) 100vw, 464px\" \/><\/figure>\n\n\n\n<p>Sie haben Interesse sich auf diesen Seiten zu pr\u00e4sentieren? Sie m\u00f6chten den HSV finanziell unterst\u00fctzen? Oder m\u00f6chten Sie Ihr Werbebanner in der &#8222;Niederlausitzhalle&#8220; platzieren oder\/und Werbefl\u00e4chen auf unseren Trikots mieten?<\/p>\n\n\n\n<p>Wir erstellen Ihnen ein Angebot.&nbsp;Kontaktieren Sie uns unter der Email:&nbsp;<\/p>\n\n\n\n<p><a href=\"mailto:geschaeftsstelle@hsv-senftenberg.de\">geschaeftsstelle@hsv-senftenberg.de<\/a><\/p>\n","protected":false},"excerpt":{"rendered":"<p>Auf dieser Seite sind die Sponsoren des HSV aufgelistet, ohne deren Unterst\u00fctzung ein geregelter Trainings- und Spielbetrieb nicht gew\u00e4hrleistet werden k\u00f6nnte. Der HSV Senftenberg bedankt sich recht herzlich bei folgenden Firmen, Institutionen und Geldgebern: Sie haben Interesse sich auf diesen&hellip;<\/p>\n","protected":false},"author":1,"featured_media":0,"parent":0,"menu_order":0,"comment_status":"closed","ping_status":"closed","template":"","meta":{"_mc_calendar":[],"footnotes":""},"class_list":["post-74","page","type-page","status-publish","hentry"],"_links":{"self":[{"href":"https:\/\/www.hsv-senftenberg.de\/index.php?rest_route=\/wp\/v2\/pages\/74","targetHints":{"allow":["GET"]}}],"collection":[{"href":"https:\/\/www.hsv-senftenberg.de\/index.php?rest_route=\/wp\/v2\/pages"}],"about":[{"href":"https:\/\/www.hsv-senftenberg.de\/index.php?rest_route=\/wp\/v2\/types\/page"}],"author":[{"embeddable":true,"href":"https:\/\/www.hsv-senftenberg.de\/index.php?rest_route=\/wp\/v2\/users\/1"}],"replies":[{"embeddable":true,"href":"https:\/\/www.hsv-senftenberg.de\/index.php?rest_route=%2Fwp%2Fv2%2Fcomments&post=74"}],"version-history":[{"count":7,"href":"https:\/\/www.hsv-senftenberg.de\/index.php?rest_route=\/wp\/v2\/pages\/74\/revisions"}],"predecessor-version":[{"id":483,"href":"https:\/\/www.hsv-senftenberg.de\/index.php?rest_route=\/wp\/v2\/pages\/74\/revisions\/483"}],"wp:attachment":[{"href":"https:\/\/www.hsv-senftenberg.de\/index.php?rest_route=%2Fwp%2Fv2%2Fmedia&parent=74"}],"curies":[{"name":"wp","href":"https:\/\/api.w.org\/{rel}","templated":true}]}}